= -z, -4*m + 110 = z. What is the highest common divisor of 351 and m?
27
Suppose 13*h - 14*h + 86 = 0. Suppose y = -y + h. What is the highest common divisor of 43 and y?
43
Let s = 618 + -429. Calculate the greatest common divisor of 252 and s.
63
Suppose -10*f + 27*f = 867. Let v(j) = -20*j**3 - 2*j**2 + 1. Let d be v(-2). Calculate the highest common divisor of d and f.
51
Suppose 0*c + 4 = -c. Let d be c/18 - 2/(-9). Let w(y) = -y**2 - y + 6. Let q be w(d). What is the greatest common divisor of q and 60?
6
Let f be ((-25)/(-5 + 0))/(-1 - 0). Let o be f/(2 - (0 - (-21)/9)). Let l = 25 - 10. Calculate the greatest common factor of l and o.
15
Let s = -188 - -208. What is the highest common divisor of s and 10?
10
Let g = -5 + 7. Let u = -104 + 154. Let t = u - 46. Calculate the highest common divisor of g and t.
2
Let i be (4/6*3)/(1/14). Let o be 42/(-4)*(-4)/3. Calculate the greatest common divisor of o and i.
14
Let r(a) = -2*a - 26. Let l be r(-11). Let s be 35 - l/(-1 + 2). Calculate the highest common factor of s and 195.
39
Let v(c) = -9*c + 16. Let k(b) = 18*b - 33. Let s(r) = 4*k(r) + 9*v(r). Let n be s(-11). What is the highest common factor of n and 74?
37
Let z(x) be the first derivative of 3*x**2 + 12*x - 33. Let m = 17 + -8. Let s be z(m). What is the greatest common factor of 6 and s?
6
Let i(t) = t**2 - 21*t + 16. Let w be i(20). Let r be 10/(w*3/(-168)). Calculate the greatest common divisor of r and 28.
28
Let a(s) = -8*s + 116. Let g be a(5). What is the highest common factor of 4 and g?
4
Suppose -3*h = -k + 74, -2*k + 79 = 3*h - 105. Calculate the highest common factor of k and 2408.
86
Suppose -2*z = 1258 + 2534. Suppose 5*r + 133 = -2. Let k be z/r - (-8)/(-36). Calculate the highest common divisor of 28 and k.
14
Suppose -3*i - 38 = -c, -63 = -c - 2*i - 0*i. Calculate the highest common divisor of 477 and c.
53
Let m be 9246/162 + 8/(-108). Calculate the greatest common factor of m and 3.
3
Let z = -729 + 745. Calculate the greatest common factor of z and 168.
8
Let f = -242 - -254. Calculate the greatest common divisor of f and 900.
12
Suppose -7*l - 7*l = -1960. What is the highest common factor of l and 56?
28
Let b = 19 - 18. Let k be 12*b*(-3)/6. Let v(q) = -3*q - 4. Let s be v(k). Calculate the greatest common factor of 126 and s.
14
Let a = 1079 - 1067. Suppose -129 - 39 = -q. What is the highest common divisor of a and q?
12
Let m be 32/6*(-6 - 132/(-8)). Calculate the greatest common factor of m and 72.
8
Suppose 5*z = -4*t - 83, 11 = -3*z + 5*t - 24. Let n be (-40)/6*z/2. Suppose 8 = i - 2*q, -3 = -5*q + 2. What is the greatest common factor of i and n?
10
Suppose 0 = -5*b - 4*b + 126. Suppose 61 = w - 3*j, 4*j = -w - b + 54. What is the highest common factor of w and 13?
13
Let n = -40 + 43. Suppose v + 4*b - 20 = 0, -4*v - n*b + b = -108. Let s be 0 + 57 + -1 + 0. Calculate the greatest common divisor of s and v.
28
Let f = 238 + -206. Calculate the greatest common factor of 576 and f.
32
Suppose 0 = -5*g - 69*a + 74*a + 75, 5*g = -4*a + 84. Suppose 5*y + 3*f - 16 = 6, 5*f = 20. What is the highest common divisor of y and g?
2
Suppose 7308 = 47*l - 11*l. What is the greatest common factor of 116 and l?
29
Let i be 1/(2/(-36)*(-57)/266). What is the highest common factor of i and 63?
21
Suppose -55 - 65 = -8*z. Suppose 2*w - u = 29 - 0, 59 = 4*w - u. What is the highest common factor of z and w?
15
Let i(b) = 34*b + 2. Let q be i(1). Suppose -q = -6*a + 36. What is the highest common factor of a and 30?
6
Suppose -395 = -5*g + 5*w, w + 85 = g - 3*w. What is the greatest common factor of g and 55?
11
Suppose 4*g + 5*n - 210 = 0, 6*g + 3*n - 256 = g. Suppose 5*m - 104 = 4*l, 152 = 5*m + 3*l + 55. Calculate the highest common factor of g and m.
10
Suppose 2*o - 4*b - 122 = -3*o, -3*o + 84 = 3*b. What is the greatest common divisor of 377 and o?
13
Let f be 6/24 - (-362)/(-8). Let d be (-2)/(-4)*-2 - f. Suppose 0 = 3*g - 68 + 2. What is the greatest common divisor of d and g?
22
Suppose -a - 3*a - 3*l = 105, 77 = -3*a - 4*l. Let m = -18 - a. Suppose 0 = -v + 3*v - 12. What is the highest common factor of v and m?
3
Let v = 1085 - 860. Calculate the greatest common divisor of 75 and v.
75
Let f = -74 + 84. What is the greatest common factor of f and 70?
10
Suppose 3*m = 7*m - 3*k + 4, -4*m + 2*k = 0. Let v be 0/(3 - 2) + 41. Let h = v + -25. Calculate the highest common factor of h and m.
2
Let b = 683 + -682. Let m = -3 + 5. What is the greatest common factor of m and b?
1
Let x(o) = -o**3 + 6*o**2 + 2. Let f = -15 - -21. Let s be x(f). Suppose -3*t + 21 = l + t, 4*l = -s*t + 126. What is the greatest common divisor of 11 and l?
11
Let u(z) = 2*z**3 + 2*z**2 - 2*z - 2. Let o be u(-2). Let v(j) = 19 - 40*j - 2 + 32*j. Let l be v(o). Calculate the greatest common divisor of 13 and l.
13
Let o(r) = r**3 - 3*r**2 - 6*r - 1. Let m be o(5). Suppose 3*f - m = 17. Suppose y - 29 - 31 = 0. What is the highest common factor of f and y?
12
Suppose 3*t = h + 784, -5*h = 105*t - 107*t + 527. Suppose 2*y = a + 58, -2*a = -4*y + y + 87. What is the greatest common divisor of t and y?
29
Suppose -r + 150 = 2*r. Suppose 12 = 2*p - m, 8 = 4*p + 5*m - 16. Suppose p*a - r = a. What is the greatest common divisor of 4 and a?
2
Suppose -5*t - 11 = -4*b - 2*t, -t = -3. What is the greatest common divisor of 5 and b?
5
Suppose 25*w + 18 = 22*w, 5*n + 2*w = 1228. Let i be (-31)/2*(-2 + 0). Calculate the highest common divisor of n and i.
31
Let z be 112/48*3*3. Suppose 0*r = -4*r + 84. Let i be 6/9 - r/(-9). Calculate the highest common factor of z and i.
3
Let i(q) = -q**2 - 3*q + 14. Let h be i(0). Calculate the greatest common factor of 63 and h.
7
Let g = 27 - 3. Suppose -m + g = 3*m. Let h = 36 - m. Calculate the highest common factor of 75 and h.
15
Let j be ((-2)/(-16))/((-6 - -4)/(-16)). Calculate the greatest common divisor of j and 31.
1
Let b = 7 + -3. Suppose -10 = 5*j, 5*d - b*j = -88 + 261. Suppose 0 = 86*t - 91*t + 55. Calculate the greatest common divisor of d and t.
11
Let l = -455 - -482. Calculate the highest common factor of 15 and l.
3
Let y(p) = 3*p**3 + p**2 - p. Suppose 4*i + 0*i = 4. Let r be y(i). What is the greatest common factor of 2 and r?
1
Let a(l) = 3*l**2 + 24*l - 1. Let h be a(-8). Let q be 6*h*18/(-4 - -1). Calculate the greatest common divisor of 252 and q.
36
Suppose 2*u - 30 + 2 = 0. Let i(p) = 17*p + 2. Let f be i(2). Let h = f + -29. What is the highest common divisor of h and u?
7
Suppose -2*h - 213 = -6*h - y, 2*h - 105 = -y. Suppose -3*c + 96 = r - 5*r, 5*c + 5*r = 195. What is the highest common divisor of c and h?
18
Suppose -1 = n - 4. Suppose -t = -n*t. Suppose 33 = d - t*d. What is the highest common divisor of d and 22?
11
Let v(j) = 20*j - 5. Let u be v(4). Let f = 457 + -398. Suppose -3*c = -4*g - 0*c + f, -5*g = -4*c - u. Calculate the highest common divisor of 33 and g.
11
Suppose 0*j - j = 5. Let f be 2/j - (-846)/15. Let s = 2174 - 2166. What is the greatest common divisor of f and s?
8
Let y(d) = -51*d - 10. Let j be y(-4). Suppose 4*w = -4*m + 152, 5*w = -m - 3*m + j. What is the highest common divisor of w and 63?
21
Let r be (12/4)/(-3)*0. Let n be (4 - r) + 2*1/(-2). What is the highest common factor of 27 and n?
3
Suppose -3*z - 5*c = -6*z - 81, 0 = 4*c - 12. Let m = z + 30. What is the highest common divisor of 1 and m?
1
Suppose 2*n = 6*u - 2*u + 906, 0 = -2*n + u + 909. What is the greatest common divisor of n and 26?
13
Let g(i) = i**3 + 6*i**2 + 2*i + 16. Let x be g(-6). What is the greatest common factor of 8 and x?
4
Suppose 5*d - 865 = -5*h, 758 = 3*d + 2*h + 243. What is the highest common factor of d and 13?
13
Let z(m) = m**2 - 7*m - 6. Let b = 0 - -8. Let j be z(b). Let d = 81 - 77. What is the highest common factor of d and j?
2
Let c be (-6 + 3/3)*-10. Suppose m + u - 13 + 3 = 0, u + 20 = 5*m. Calculate the highest common divisor of m and c.
5
Let d be (3/(-12))/(2/(-824)). What is the highest common factor of d and 824?
103
Let w = 303 + -278. What is the highest common divisor of w and 225?
25
Let r be -146*4/(-36) + (-8)/36. Calculate the highest common divisor of 2192 and r.
16
Let b(g) = g**2 - 13*g - 42. Suppose -3*l = -d + 18, -d - 9 = 2*l - 27. L